{"id":2233,"date":"2018-01-02T16:06:23","date_gmt":"2018-01-02T16:06:23","guid":{"rendered":"http:\/\/www.jesuitasrioja.org\/bilinguismo\/"},"modified":"2019-02-20T12:55:25","modified_gmt":"2019-02-20T12:55:25","slug":"bilingual-studies","status":"publish","type":"page","link":"https:\/\/www.jesuitasrioja.org\/en\/bilingual-studies\/","title":{"rendered":"Bilingual Studies"},"content":{"rendered":"<p>Improving the foreign languages skills of our pupils and students is vital for their rounded education. We believe in an early contact with a second language.<br \/>\nWe deploy native teachers in the classroom as from the age of three, and each year we increase the number of activities held in English.<\/p>\n<p>In Nursery School and during the first years of Primary, we mainly use the method Jolly Phonics. In Year 1 in Primary, classes are taught in English in the subjects of Art, Natural Sciences,<br \/>\nSocial Sciences and Physical Education.<\/p>\n<p>We are an official examination centre for Oxford and Cambridge qualifications, and we help our pupils and students to obtain the different certificates provided for within the<br \/>\nCommon European Framework of Reference for Languages.<\/p>\n<p>We take part in international experiences and exchanges:<\/p>\n<ul>\n<li>Year 2 CSE: Exchange with the cities of Dax and Libourne.<\/li>\n<li>Year 4 CSE \/ Year 1 Sixth Form: Exchange with a German school in Monchengladbach<\/li>\n<li>Vocational Training: placements for students in Intermediate and Advanced Vocational Training in various European countries through the Erasmus+ Programme<\/li>\n<\/ul>\n<p><\/p>","protected":false},"excerpt":{"rendered":"<p>Improving the foreign languages skills of our pupils and students is vital for their rounded education. We believe in an early contact with a second language. We deploy native teachers in the classroom as from the age of three, and each year we increase the number of activities held in English. In Nursery School and [&hellip;]<\/p>\n","protected":false},"author":1,"featured_media":2234,"parent":0,"menu_order":710,"comment_status":"closed","ping_status":"closed","template":"","meta":{"_acf_changed":false,"footnotes":""},"acf":[],"yoast_head":"<!-- This site is optimized with the Yoast SEO Premium plugin v23.4 (Yoast SEO v24.2) - https:\/\/yoast.com\/wordpress\/plugins\/seo\/ -->\n<title>Bilingual Studies - Jesuitas Logro\u00f1o<\/title>\n<meta name=\"robots\" content=\"index, follow, max-snippet:-1, max-image-preview:large, max-video-preview:-1\" \/>\n<link rel=\"canonical\" href=\"https:\/\/www.jesuitasrioja.org\/en\/bilingual-studies\/\" \/>\n<meta property=\"og:locale\" content=\"en_US\" \/>\n<meta property=\"og:type\" content=\"article\" \/>\n<meta property=\"og:title\" content=\"Bilingual Studies\" \/>\n<meta property=\"og:description\" content=\"Improving the foreign languages skills of our pupils and students is vital for their rounded education. We believe in an early contact with a second language. We deploy native teachers in the classroom as from the age of three, and each year we increase the number of activities held in English. In Nursery School and [&hellip;]\" \/>\n<meta property=\"og:url\" content=\"https:\/\/www.jesuitasrioja.org\/en\/bilingual-studies\/\" \/>\n<meta property=\"og:site_name\" content=\"Jesuitas Logro\u00f1o\" \/>\n<meta property=\"article:publisher\" content=\"https:\/\/www.facebook.com\/jesuitasrioja?locale=es_ES\" \/>\n<meta property=\"article:modified_time\" content=\"2019-02-20T12:55:25+00:00\" \/>\n<meta property=\"og:image\" content=\"https:\/\/www.jesuitasrioja.org\/wp-content\/uploads\/2018\/01\/B_Bilingu\u0308ismo.jpg\" \/>\n\t<meta property=\"og:image:width\" content=\"2257\" \/>\n\t<meta property=\"og:image:height\" content=\"340\" \/>\n\t<meta property=\"og:image:type\" content=\"image\/jpeg\" \/>\n<meta name=\"twitter:card\" content=\"summary_large_image\" \/>\n<meta name=\"twitter:site\" content=\"@jesuitasrioja\" \/>\n<meta name=\"twitter:label1\" content=\"Est. reading time\" \/>\n\t<meta name=\"twitter:data1\" content=\"2 minutes\" \/>\n<script type=\"application\/ld+json\" class=\"yoast-schema-graph\">{\"@context\":\"https:\/\/schema.org\",\"@graph\":[{\"@type\":\"WebPage\",\"@id\":\"https:\/\/www.jesuitasrioja.org\/en\/bilingual-studies\/\",\"url\":\"https:\/\/www.jesuitasrioja.org\/en\/bilingual-studies\/\",\"name\":\"Bilingual Studies - Jesuitas Logro\u00f1o\",\"isPartOf\":{\"@id\":\"https:\/\/www.jesuitasrioja.org\/#website\"},\"primaryImageOfPage\":{\"@id\":\"https:\/\/www.jesuitasrioja.org\/en\/bilingual-studies\/#primaryimage\"},\"image\":{\"@id\":\"https:\/\/www.jesuitasrioja.org\/en\/bilingual-studies\/#primaryimage\"},\"thumbnailUrl\":\"https:\/\/www.jesuitasrioja.org\/wp-content\/uploads\/2018\/01\/B_Bilingu\u0308ismo.jpg\",\"datePublished\":\"2018-01-02T16:06:23+00:00\",\"dateModified\":\"2019-02-20T12:55:25+00:00\",\"breadcrumb\":{\"@id\":\"https:\/\/www.jesuitasrioja.org\/en\/bilingual-studies\/#breadcrumb\"},\"inLanguage\":\"en-US\",\"potentialAction\":[{\"@type\":\"ReadAction\",\"target\":[\"https:\/\/www.jesuitasrioja.org\/en\/bilingual-studies\/\"]}]},{\"@type\":\"ImageObject\",\"inLanguage\":\"en-US\",\"@id\":\"https:\/\/www.jesuitasrioja.org\/en\/bilingual-studies\/#primaryimage\",\"url\":\"https:\/\/www.jesuitasrioja.org\/wp-content\/uploads\/2018\/01\/B_Bilingu\u0308ismo.jpg\",\"contentUrl\":\"https:\/\/www.jesuitasrioja.org\/wp-content\/uploads\/2018\/01\/B_Bilingu\u0308ismo.jpg\",\"width\":2257,\"height\":340},{\"@type\":\"BreadcrumbList\",\"@id\":\"https:\/\/www.jesuitasrioja.org\/en\/bilingual-studies\/#breadcrumb\",\"itemListElement\":[{\"@type\":\"ListItem\",\"position\":1,\"name\":\"Portada\",\"item\":\"https:\/\/www.jesuitasrioja.org\/en\/inicio\/\"},{\"@type\":\"ListItem\",\"position\":2,\"name\":\"Bilingual Studies\"}]},{\"@type\":\"WebSite\",\"@id\":\"https:\/\/www.jesuitasrioja.org\/#website\",\"url\":\"https:\/\/www.jesuitasrioja.org\/\",\"name\":\"Jesuitas Logro\u00f1o\",\"description\":\"Centro Sagrado Coraz\u00f3n - Jesuitas Logro\u00f1o\",\"publisher\":{\"@id\":\"https:\/\/www.jesuitasrioja.org\/#organization\"},\"potentialAction\":[{\"@type\":\"SearchAction\",\"target\":{\"@type\":\"EntryPoint\",\"urlTemplate\":\"https:\/\/www.jesuitasrioja.org\/?s={search_term_string}\"},\"query-input\":{\"@type\":\"PropertyValueSpecification\",\"valueRequired\":true,\"valueName\":\"search_term_string\"}}],\"inLanguage\":\"en-US\"},{\"@type\":\"Organization\",\"@id\":\"https:\/\/www.jesuitasrioja.org\/#organization\",\"name\":\"Centro Sagrado Coraz\u00f3n Jesuitas\",\"url\":\"https:\/\/www.jesuitasrioja.org\/\",\"logo\":{\"@type\":\"ImageObject\",\"inLanguage\":\"en-US\",\"@id\":\"https:\/\/www.jesuitasrioja.org\/#\/schema\/logo\/image\/\",\"url\":\"https:\/\/www.jesuitasrioja.org\/wp-content\/uploads\/2020\/09\/Logo-completo-peque\u00f1o.png\",\"contentUrl\":\"https:\/\/www.jesuitasrioja.org\/wp-content\/uploads\/2020\/09\/Logo-completo-peque\u00f1o.png\",\"width\":300,\"height\":300,\"caption\":\"Centro Sagrado Coraz\u00f3n Jesuitas\"},\"image\":{\"@id\":\"https:\/\/www.jesuitasrioja.org\/#\/schema\/logo\/image\/\"},\"sameAs\":[\"https:\/\/www.facebook.com\/jesuitasrioja?locale=es_ES\",\"https:\/\/x.com\/jesuitasrioja\",\"https:\/\/www.instagram.com\/jesuitasrioja\/\"]}]}<\/script>\n<!-- \/ Yoast SEO Premium plugin. -->","yoast_head_json":{"title":"Bilingual Studies - Jesuitas Logro\u00f1o","robots":{"index":"index","follow":"follow","max-snippet":"max-snippet:-1","max-image-preview":"max-image-preview:large","max-video-preview":"max-video-preview:-1"},"canonical":"https:\/\/www.jesuitasrioja.org\/en\/bilingual-studies\/","og_locale":"en_US","og_type":"article","og_title":"Bilingual Studies","og_description":"Improving the foreign languages skills of our pupils and students is vital for their rounded education. We believe in an early contact with a second language. We deploy native teachers in the classroom as from the age of three, and each year we increase the number of activities held in English. In Nursery School and [&hellip;]","og_url":"https:\/\/www.jesuitasrioja.org\/en\/bilingual-studies\/","og_site_name":"Jesuitas Logro\u00f1o","article_publisher":"https:\/\/www.facebook.com\/jesuitasrioja?locale=es_ES","article_modified_time":"2019-02-20T12:55:25+00:00","og_image":[{"width":2257,"height":340,"url":"https:\/\/www.jesuitasrioja.org\/wp-content\/uploads\/2018\/01\/B_Bilingu\u0308ismo.jpg","type":"image\/jpeg"}],"twitter_card":"summary_large_image","twitter_site":"@jesuitasrioja","twitter_misc":{"Est. reading time":"2 minutes"},"schema":{"@context":"https:\/\/schema.org","@graph":[{"@type":"WebPage","@id":"https:\/\/www.jesuitasrioja.org\/en\/bilingual-studies\/","url":"https:\/\/www.jesuitasrioja.org\/en\/bilingual-studies\/","name":"Bilingual Studies - Jesuitas Logro\u00f1o","isPartOf":{"@id":"https:\/\/www.jesuitasrioja.org\/#website"},"primaryImageOfPage":{"@id":"https:\/\/www.jesuitasrioja.org\/en\/bilingual-studies\/#primaryimage"},"image":{"@id":"https:\/\/www.jesuitasrioja.org\/en\/bilingual-studies\/#primaryimage"},"thumbnailUrl":"https:\/\/www.jesuitasrioja.org\/wp-content\/uploads\/2018\/01\/B_Bilingu\u0308ismo.jpg","datePublished":"2018-01-02T16:06:23+00:00","dateModified":"2019-02-20T12:55:25+00:00","breadcrumb":{"@id":"https:\/\/www.jesuitasrioja.org\/en\/bilingual-studies\/#breadcrumb"},"inLanguage":"en-US","potentialAction":[{"@type":"ReadAction","target":["https:\/\/www.jesuitasrioja.org\/en\/bilingual-studies\/"]}]},{"@type":"ImageObject","inLanguage":"en-US","@id":"https:\/\/www.jesuitasrioja.org\/en\/bilingual-studies\/#primaryimage","url":"https:\/\/www.jesuitasrioja.org\/wp-content\/uploads\/2018\/01\/B_Bilingu\u0308ismo.jpg","contentUrl":"https:\/\/www.jesuitasrioja.org\/wp-content\/uploads\/2018\/01\/B_Bilingu\u0308ismo.jpg","width":2257,"height":340},{"@type":"BreadcrumbList","@id":"https:\/\/www.jesuitasrioja.org\/en\/bilingual-studies\/#breadcrumb","itemListElement":[{"@type":"ListItem","position":1,"name":"Portada","item":"https:\/\/www.jesuitasrioja.org\/en\/inicio\/"},{"@type":"ListItem","position":2,"name":"Bilingual Studies"}]},{"@type":"WebSite","@id":"https:\/\/www.jesuitasrioja.org\/#website","url":"https:\/\/www.jesuitasrioja.org\/","name":"Jesuitas Logro\u00f1o","description":"Centro Sagrado Coraz\u00f3n - Jesuitas Logro\u00f1o","publisher":{"@id":"https:\/\/www.jesuitasrioja.org\/#organization"},"potentialAction":[{"@type":"SearchAction","target":{"@type":"EntryPoint","urlTemplate":"https:\/\/www.jesuitasrioja.org\/?s={search_term_string}"},"query-input":{"@type":"PropertyValueSpecification","valueRequired":true,"valueName":"search_term_string"}}],"inLanguage":"en-US"},{"@type":"Organization","@id":"https:\/\/www.jesuitasrioja.org\/#organization","name":"Centro Sagrado Coraz\u00f3n Jesuitas","url":"https:\/\/www.jesuitasrioja.org\/","logo":{"@type":"ImageObject","inLanguage":"en-US","@id":"https:\/\/www.jesuitasrioja.org\/#\/schema\/logo\/image\/","url":"https:\/\/www.jesuitasrioja.org\/wp-content\/uploads\/2020\/09\/Logo-completo-peque\u00f1o.png","contentUrl":"https:\/\/www.jesuitasrioja.org\/wp-content\/uploads\/2020\/09\/Logo-completo-peque\u00f1o.png","width":300,"height":300,"caption":"Centro Sagrado Coraz\u00f3n Jesuitas"},"image":{"@id":"https:\/\/www.jesuitasrioja.org\/#\/schema\/logo\/image\/"},"sameAs":["https:\/\/www.facebook.com\/jesuitasrioja?locale=es_ES","https:\/\/x.com\/jesuitasrioja","https:\/\/www.instagram.com\/jesuitasrioja\/"]}]}},"_links":{"self":[{"href":"https:\/\/www.jesuitasrioja.org\/en\/wp-json\/wp\/v2\/pages\/2233"}],"collection":[{"href":"https:\/\/www.jesuitasrioja.org\/en\/wp-json\/wp\/v2\/pages"}],"about":[{"href":"https:\/\/www.jesuitasrioja.org\/en\/wp-json\/wp\/v2\/types\/page"}],"author":[{"embeddable":true,"href":"https:\/\/www.jesuitasrioja.org\/en\/wp-json\/wp\/v2\/users\/1"}],"replies":[{"embeddable":true,"href":"https:\/\/www.jesuitasrioja.org\/en\/wp-json\/wp\/v2\/comments?post=2233"}],"version-history":[{"count":1,"href":"https:\/\/www.jesuitasrioja.org\/en\/wp-json\/wp\/v2\/pages\/2233\/revisions"}],"predecessor-version":[{"id":2642,"href":"https:\/\/www.jesuitasrioja.org\/en\/wp-json\/wp\/v2\/pages\/2233\/revisions\/2642"}],"wp:featuredmedia":[{"embeddable":true,"href":"https:\/\/www.jesuitasrioja.org\/en\/wp-json\/wp\/v2\/media\/2234"}],"wp:attachment":[{"href":"https:\/\/www.jesuitasrioja.org\/en\/wp-json\/wp\/v2\/media?parent=2233"}],"curies":[{"name":"wp","href":"https:\/\/api.w.org\/{rel}","templated":true}]}}

<!-- This site is optimized with the Yoast SEO Premium plugin v23.4 (Yoast SEO v24.2) - https://yoast.com/wordpress/plugins/seo/ -->
<title>Bilingual Studies - Jesuitas Logroño</title>
<meta name="robots" content="index, follow, max-snippet:-1, max-image-preview:large, max-video-preview:-1" />
<link rel="canonical" href="https://www.jesuitasrioja.org/en/bilingual-studies/" />
<meta property="og:locale" content="en_US" />
<meta property="og:type" content="article" />
<meta property="og:title" content="Bilingual Studies" />
<meta property="og:description" content="Improving the foreign languages skills of our pupils and students is vital for their rounded education. We believe in an early contact with a second language. We deploy native teachers in the classroom as from the age of three, and each year we increase the number of activities held in English. In Nursery School and [&hellip;]" />
<meta property="og:url" content="https://www.jesuitasrioja.org/en/bilingual-studies/" />
<meta property="og:site_name" content="Jesuitas Logroño" />
<meta property="article:publisher" content="https://www.facebook.com/jesuitasrioja?locale=es_ES" />
<meta property="article:modified_time" content="2019-02-20T12:55:25+00:00" />
<meta property="og:image" content="https://www.jesuitasrioja.org/wp-content/uploads/2018/01/B_Bilingüismo.jpg" />
	<meta property="og:image:width" content="2257" />
	<meta property="og:image:height" content="340" />
	<meta property="og:image:type" content="image/jpeg" />
<meta name="twitter:card" content="summary_large_image" />
<meta name="twitter:site" content="@jesuitasrioja" />
<meta name="twitter:label1" content="Est. reading time" />
	<meta name="twitter:data1" content="2 minutes" />
<script type="application/ld+json" class="yoast-schema-graph">{"@context":"https://schema.org","@graph":[{"@type":"WebPage","@id":"https://www.jesuitasrioja.org/en/bilingual-studies/","url":"https://www.jesuitasrioja.org/en/bilingual-studies/","name":"Bilingual Studies - Jesuitas Logroño","isPartOf":{"@id":"https://www.jesuitasrioja.org/#website"},"primaryImageOfPage":{"@id":"https://www.jesuitasrioja.org/en/bilingual-studies/#primaryimage"},"image":{"@id":"https://www.jesuitasrioja.org/en/bilingual-studies/#primaryimage"},"thumbnailUrl":"https://www.jesuitasrioja.org/wp-content/uploads/2018/01/B_Bilingüismo.jpg","datePublished":"2018-01-02T16:06:23+00:00","dateModified":"2019-02-20T12:55:25+00:00","breadcrumb":{"@id":"https://www.jesuitasrioja.org/en/bilingual-studies/#breadcrumb"},"inLanguage":"en-US","potentialAction":[{"@type":"ReadAction","target":["https://www.jesuitasrioja.org/en/bilingual-studies/"]}]},{"@type":"ImageObject","inLanguage":"en-US","@id":"https://www.jesuitasrioja.org/en/bilingual-studies/#primaryimage","url":"https://www.jesuitasrioja.org/wp-content/uploads/2018/01/B_Bilingüismo.jpg","contentUrl":"https://www.jesuitasrioja.org/wp-content/uploads/2018/01/B_Bilingüismo.jpg","width":2257,"height":340},{"@type":"BreadcrumbList","@id":"https://www.jesuitasrioja.org/en/bilingual-studies/#breadcrumb","itemListElement":[{"@type":"ListItem","position":1,"name":"Portada","item":"https://www.jesuitasrioja.org/en/inicio/"},{"@type":"ListItem","position":2,"name":"Bilingual Studies"}]},{"@type":"WebSite","@id":"https://www.jesuitasrioja.org/#website","url":"https://www.jesuitasrioja.org/","name":"Jesuitas Logroño","description":"Centro Sagrado Corazón - Jesuitas Logroño","publisher":{"@id":"https://www.jesuitasrioja.org/#organization"},"potentialAction":[{"@type":"SearchAction","target":{"@type":"EntryPoint","urlTemplate":"https://www.jesuitasrioja.org/?s={search_term_string}"},"query-input":{"@type":"PropertyValueSpecification","valueRequired":true,"valueName":"search_term_string"}}],"inLanguage":"en-US"},{"@type":"Organization","@id":"https://www.jesuitasrioja.org/#organization","name":"Centro Sagrado Corazón Jesuitas","url":"https://www.jesuitasrioja.org/","logo":{"@type":"ImageObject","inLanguage":"en-US","@id":"https://www.jesuitasrioja.org/#/schema/logo/image/","url":"https://www.jesuitasrioja.org/wp-content/uploads/2020/09/Logo-completo-pequeño.png","contentUrl":"https://www.jesuitasrioja.org/wp-content/uploads/2020/09/Logo-completo-pequeño.png","width":300,"height":300,"caption":"Centro Sagrado Corazón Jesuitas"},"image":{"@id":"https://www.jesuitasrioja.org/#/schema/logo/image/"},"sameAs":["https://www.facebook.com/jesuitasrioja?locale=es_ES","https://x.com/jesuitasrioja","https://www.instagram.com/jesuitasrioja/"]}]}</script>
<!-- / Yoast SEO Premium plugin. -->

Bilingual Studies - Jesuitas Logroño

Jesuitas Logroño

Centro Sagrado Corazón - Jesuitas Logroño

Centro Sagrado Corazón Jesuitas

https://www.jesuitasrioja.org/wp-content/uploads/2020/09/Logo-completo-pequeño.png
