{"id":2230,"date":"2018-01-02T16:24:06","date_gmt":"2018-01-02T16:24:06","guid":{"rendered":"http:\/\/www.jesuitasrioja.org\/el-centro\/"},"modified":"2019-02-19T12:41:10","modified_gmt":"2019-02-19T12:41:10","slug":"the-school","status":"publish","type":"page","link":"https:\/\/www.jesuitasrioja.org\/en\/the-school\/","title":{"rendered":"The school"},"content":{"rendered":"<p>Our extensive offer in education enables us to provide our pupils and students with a comprehensive education, from Nursery School, through Primary, Compulsory Secondary Education, the Sixth Form, and all levels of<br \/>\nVocational Training (Basic, Intermediate and Advanced) through to the start of their working lives.<\/p>\n<p>A close Tutor \u2013 Pupil relationship, both inside and outside the classroom, is one of our differentiating features, as is also each family\u2019s engagement with our Educational Project.<br \/>\nFurthermore, our remit to improve from one day to the next has led to the goal of implementing the Model of Excellence proposed by the European Foundation for Quality Management (EFQM).<br \/>\nWe want to be acknowledged as an educat<\/p>\n<table style=\"width: 653.5px; height: 135px;\">\n<tbody>\n<tr>\n<td style=\"width: 206px;\"><img loading=\"lazy\" decoding=\"async\" class=\"aligncenter wp-image-1275\" src=\"http:\/\/www.jesuitasrioja.org\/wp-content\/uploads\/2018\/05\/DUAL-min-1024x724.png\" alt=\"\" width=\"224\" height=\"159\" srcset=\"https:\/\/www.jesuitasrioja.org\/wp-content\/uploads\/2018\/05\/DUAL-min-1024x724.png 1024w, https:\/\/www.jesuitasrioja.org\/wp-content\/uploads\/2018\/05\/DUAL-min-300x212.png 300w, https:\/\/www.jesuitasrioja.org\/wp-content\/uploads\/2018\/05\/DUAL-min-768x543.png 768w, https:\/\/www.jesuitasrioja.org\/wp-content\/uploads\/2018\/05\/DUAL-min.png 1638w\" sizes=\"(max-width: 224px) 100vw, 224px\" \/><\/td>\n<td style=\"width: 225px;\"><img loading=\"lazy\" decoding=\"async\" class=\"aligncenter wp-image-1277\" src=\"http:\/\/www.jesuitasrioja.org\/wp-content\/uploads\/2018\/05\/FPB-min-1024x721.png\" alt=\"\" width=\"187\" height=\"132\" srcset=\"https:\/\/www.jesuitasrioja.org\/wp-content\/uploads\/2018\/05\/FPB-min-1024x721.png 1024w, https:\/\/www.jesuitasrioja.org\/wp-content\/uploads\/2018\/05\/FPB-min-300x211.png 300w, https:\/\/www.jesuitasrioja.org\/wp-content\/uploads\/2018\/05\/FPB-min-768x540.png 768w\" sizes=\"(max-width: 187px) 100vw, 187px\" \/><\/td>\n<td style=\"width: 216.5px;\"><img loading=\"lazy\" decoding=\"async\" class=\"aligncenter wp-image-1276\" src=\"http:\/\/www.jesuitasrioja.org\/wp-content\/uploads\/2018\/05\/ESO-min-1024x639.png\" alt=\"\" width=\"219\" height=\"137\" srcset=\"https:\/\/www.jesuitasrioja.org\/wp-content\/uploads\/2018\/05\/ESO-min-1024x639.png 1024w, https:\/\/www.jesuitasrioja.org\/wp-content\/uploads\/2018\/05\/ESO-min-300x187.png 300w, https:\/\/www.jesuitasrioja.org\/wp-content\/uploads\/2018\/05\/ESO-min-768x479.png 768w, https:\/\/www.jesuitasrioja.org\/wp-content\/uploads\/2018\/05\/ESO-min-294x182.png 294w\" sizes=\"(max-width: 219px) 100vw, 219px\" \/><\/td>\n<\/tr>\n<\/tbody>\n<\/table>\n<p>ional institution of the highest calibre in each one of our pre-school, school and college segments.<\/p>","protected":false},"excerpt":{"rendered":"<p>Our extensive offer in education enables us to provide our pupils and students with a comprehensive education, from Nursery School, through Primary, Compulsory Secondary Education, the Sixth Form, and all levels of Vocational Training (Basic, Intermediate and Advanced) through to the start of their working lives. A close Tutor \u2013 Pupil relationship, both inside and [&hellip;]<\/p>\n","protected":false},"author":1,"featured_media":2219,"parent":0,"menu_order":20,"comment_status":"closed","ping_status":"closed","template":"","meta":{"_acf_changed":false,"footnotes":""},"acf":[],"yoast_head":"<!-- This site is optimized with the Yoast SEO Premium plugin v23.4 (Yoast SEO v24.2) - https:\/\/yoast.com\/wordpress\/plugins\/seo\/ -->\n<title>The school - Jesuitas Logro\u00f1o<\/title>\n<meta name=\"robots\" content=\"index, follow, max-snippet:-1, max-image-preview:large, max-video-preview:-1\" \/>\n<link rel=\"canonical\" href=\"https:\/\/www.jesuitasrioja.org\/en\/the-school\/\" \/>\n<meta property=\"og:locale\" content=\"en_US\" \/>\n<meta property=\"og:type\" content=\"article\" \/>\n<meta property=\"og:title\" content=\"The school\" \/>\n<meta property=\"og:description\" content=\"Our extensive offer in education enables us to provide our pupils and students with a comprehensive education, from Nursery School, through Primary, Compulsory Secondary Education, the Sixth Form, and all levels of Vocational Training (Basic, Intermediate and Advanced) through to the start of their working lives. A close Tutor \u2013 Pupil relationship, both inside and [&hellip;]\" \/>\n<meta property=\"og:url\" content=\"https:\/\/www.jesuitasrioja.org\/en\/the-school\/\" \/>\n<meta property=\"og:site_name\" content=\"Jesuitas Logro\u00f1o\" \/>\n<meta property=\"article:publisher\" content=\"https:\/\/www.facebook.com\/jesuitasrioja?locale=es_ES\" \/>\n<meta property=\"article:modified_time\" content=\"2019-02-19T12:41:10+00:00\" \/>\n<meta property=\"og:image\" content=\"https:\/\/www.jesuitasrioja.org\/wp-content\/uploads\/2018\/01\/B_El-Centro.jpg\" \/>\n\t<meta property=\"og:image:width\" content=\"2257\" \/>\n\t<meta property=\"og:image:height\" content=\"340\" \/>\n\t<meta property=\"og:image:type\" content=\"image\/jpeg\" \/>\n<meta name=\"twitter:card\" content=\"summary_large_image\" \/>\n<meta name=\"twitter:site\" content=\"@jesuitasrioja\" \/>\n<meta name=\"twitter:label1\" content=\"Est. reading time\" \/>\n\t<meta name=\"twitter:data1\" content=\"1 minute\" \/>\n<script type=\"application\/ld+json\" class=\"yoast-schema-graph\">{\"@context\":\"https:\/\/schema.org\",\"@graph\":[{\"@type\":\"WebPage\",\"@id\":\"https:\/\/www.jesuitasrioja.org\/en\/the-school\/\",\"url\":\"https:\/\/www.jesuitasrioja.org\/en\/the-school\/\",\"name\":\"The school - Jesuitas Logro\u00f1o\",\"isPartOf\":{\"@id\":\"https:\/\/www.jesuitasrioja.org\/#website\"},\"primaryImageOfPage\":{\"@id\":\"https:\/\/www.jesuitasrioja.org\/en\/the-school\/#primaryimage\"},\"image\":{\"@id\":\"https:\/\/www.jesuitasrioja.org\/en\/the-school\/#primaryimage\"},\"thumbnailUrl\":\"https:\/\/www.jesuitasrioja.org\/wp-content\/uploads\/2018\/01\/B_El-Centro.jpg\",\"datePublished\":\"2018-01-02T16:24:06+00:00\",\"dateModified\":\"2019-02-19T12:41:10+00:00\",\"breadcrumb\":{\"@id\":\"https:\/\/www.jesuitasrioja.org\/en\/the-school\/#breadcrumb\"},\"inLanguage\":\"en-US\",\"potentialAction\":[{\"@type\":\"ReadAction\",\"target\":[\"https:\/\/www.jesuitasrioja.org\/en\/the-school\/\"]}]},{\"@type\":\"ImageObject\",\"inLanguage\":\"en-US\",\"@id\":\"https:\/\/www.jesuitasrioja.org\/en\/the-school\/#primaryimage\",\"url\":\"https:\/\/www.jesuitasrioja.org\/wp-content\/uploads\/2018\/01\/B_El-Centro.jpg\",\"contentUrl\":\"https:\/\/www.jesuitasrioja.org\/wp-content\/uploads\/2018\/01\/B_El-Centro.jpg\",\"width\":2257,\"height\":340},{\"@type\":\"BreadcrumbList\",\"@id\":\"https:\/\/www.jesuitasrioja.org\/en\/the-school\/#breadcrumb\",\"itemListElement\":[{\"@type\":\"ListItem\",\"position\":1,\"name\":\"Portada\",\"item\":\"https:\/\/www.jesuitasrioja.org\/en\/inicio\/\"},{\"@type\":\"ListItem\",\"position\":2,\"name\":\"The school\"}]},{\"@type\":\"WebSite\",\"@id\":\"https:\/\/www.jesuitasrioja.org\/#website\",\"url\":\"https:\/\/www.jesuitasrioja.org\/\",\"name\":\"Jesuitas Logro\u00f1o\",\"description\":\"Centro Sagrado Coraz\u00f3n - Jesuitas Logro\u00f1o\",\"publisher\":{\"@id\":\"https:\/\/www.jesuitasrioja.org\/#organization\"},\"potentialAction\":[{\"@type\":\"SearchAction\",\"target\":{\"@type\":\"EntryPoint\",\"urlTemplate\":\"https:\/\/www.jesuitasrioja.org\/?s={search_term_string}\"},\"query-input\":{\"@type\":\"PropertyValueSpecification\",\"valueRequired\":true,\"valueName\":\"search_term_string\"}}],\"inLanguage\":\"en-US\"},{\"@type\":\"Organization\",\"@id\":\"https:\/\/www.jesuitasrioja.org\/#organization\",\"name\":\"Centro Sagrado Coraz\u00f3n Jesuitas\",\"url\":\"https:\/\/www.jesuitasrioja.org\/\",\"logo\":{\"@type\":\"ImageObject\",\"inLanguage\":\"en-US\",\"@id\":\"https:\/\/www.jesuitasrioja.org\/#\/schema\/logo\/image\/\",\"url\":\"https:\/\/www.jesuitasrioja.org\/wp-content\/uploads\/2020\/09\/Logo-completo-peque\u00f1o.png\",\"contentUrl\":\"https:\/\/www.jesuitasrioja.org\/wp-content\/uploads\/2020\/09\/Logo-completo-peque\u00f1o.png\",\"width\":300,\"height\":300,\"caption\":\"Centro Sagrado Coraz\u00f3n Jesuitas\"},\"image\":{\"@id\":\"https:\/\/www.jesuitasrioja.org\/#\/schema\/logo\/image\/\"},\"sameAs\":[\"https:\/\/www.facebook.com\/jesuitasrioja?locale=es_ES\",\"https:\/\/x.com\/jesuitasrioja\",\"https:\/\/www.instagram.com\/jesuitasrioja\/\"]}]}<\/script>\n<!-- \/ Yoast SEO Premium plugin. -->","yoast_head_json":{"title":"The school - Jesuitas Logro\u00f1o","robots":{"index":"index","follow":"follow","max-snippet":"max-snippet:-1","max-image-preview":"max-image-preview:large","max-video-preview":"max-video-preview:-1"},"canonical":"https:\/\/www.jesuitasrioja.org\/en\/the-school\/","og_locale":"en_US","og_type":"article","og_title":"The school","og_description":"Our extensive offer in education enables us to provide our pupils and students with a comprehensive education, from Nursery School, through Primary, Compulsory Secondary Education, the Sixth Form, and all levels of Vocational Training (Basic, Intermediate and Advanced) through to the start of their working lives. A close Tutor \u2013 Pupil relationship, both inside and [&hellip;]","og_url":"https:\/\/www.jesuitasrioja.org\/en\/the-school\/","og_site_name":"Jesuitas Logro\u00f1o","article_publisher":"https:\/\/www.facebook.com\/jesuitasrioja?locale=es_ES","article_modified_time":"2019-02-19T12:41:10+00:00","og_image":[{"width":2257,"height":340,"url":"https:\/\/www.jesuitasrioja.org\/wp-content\/uploads\/2018\/01\/B_El-Centro.jpg","type":"image\/jpeg"}],"twitter_card":"summary_large_image","twitter_site":"@jesuitasrioja","twitter_misc":{"Est. reading time":"1 minute"},"schema":{"@context":"https:\/\/schema.org","@graph":[{"@type":"WebPage","@id":"https:\/\/www.jesuitasrioja.org\/en\/the-school\/","url":"https:\/\/www.jesuitasrioja.org\/en\/the-school\/","name":"The school - Jesuitas Logro\u00f1o","isPartOf":{"@id":"https:\/\/www.jesuitasrioja.org\/#website"},"primaryImageOfPage":{"@id":"https:\/\/www.jesuitasrioja.org\/en\/the-school\/#primaryimage"},"image":{"@id":"https:\/\/www.jesuitasrioja.org\/en\/the-school\/#primaryimage"},"thumbnailUrl":"https:\/\/www.jesuitasrioja.org\/wp-content\/uploads\/2018\/01\/B_El-Centro.jpg","datePublished":"2018-01-02T16:24:06+00:00","dateModified":"2019-02-19T12:41:10+00:00","breadcrumb":{"@id":"https:\/\/www.jesuitasrioja.org\/en\/the-school\/#breadcrumb"},"inLanguage":"en-US","potentialAction":[{"@type":"ReadAction","target":["https:\/\/www.jesuitasrioja.org\/en\/the-school\/"]}]},{"@type":"ImageObject","inLanguage":"en-US","@id":"https:\/\/www.jesuitasrioja.org\/en\/the-school\/#primaryimage","url":"https:\/\/www.jesuitasrioja.org\/wp-content\/uploads\/2018\/01\/B_El-Centro.jpg","contentUrl":"https:\/\/www.jesuitasrioja.org\/wp-content\/uploads\/2018\/01\/B_El-Centro.jpg","width":2257,"height":340},{"@type":"BreadcrumbList","@id":"https:\/\/www.jesuitasrioja.org\/en\/the-school\/#breadcrumb","itemListElement":[{"@type":"ListItem","position":1,"name":"Portada","item":"https:\/\/www.jesuitasrioja.org\/en\/inicio\/"},{"@type":"ListItem","position":2,"name":"The school"}]},{"@type":"WebSite","@id":"https:\/\/www.jesuitasrioja.org\/#website","url":"https:\/\/www.jesuitasrioja.org\/","name":"Jesuitas Logro\u00f1o","description":"Centro Sagrado Coraz\u00f3n - Jesuitas Logro\u00f1o","publisher":{"@id":"https:\/\/www.jesuitasrioja.org\/#organization"},"potentialAction":[{"@type":"SearchAction","target":{"@type":"EntryPoint","urlTemplate":"https:\/\/www.jesuitasrioja.org\/?s={search_term_string}"},"query-input":{"@type":"PropertyValueSpecification","valueRequired":true,"valueName":"search_term_string"}}],"inLanguage":"en-US"},{"@type":"Organization","@id":"https:\/\/www.jesuitasrioja.org\/#organization","name":"Centro Sagrado Coraz\u00f3n Jesuitas","url":"https:\/\/www.jesuitasrioja.org\/","logo":{"@type":"ImageObject","inLanguage":"en-US","@id":"https:\/\/www.jesuitasrioja.org\/#\/schema\/logo\/image\/","url":"https:\/\/www.jesuitasrioja.org\/wp-content\/uploads\/2020\/09\/Logo-completo-peque\u00f1o.png","contentUrl":"https:\/\/www.jesuitasrioja.org\/wp-content\/uploads\/2020\/09\/Logo-completo-peque\u00f1o.png","width":300,"height":300,"caption":"Centro Sagrado Coraz\u00f3n Jesuitas"},"image":{"@id":"https:\/\/www.jesuitasrioja.org\/#\/schema\/logo\/image\/"},"sameAs":["https:\/\/www.facebook.com\/jesuitasrioja?locale=es_ES","https:\/\/x.com\/jesuitasrioja","https:\/\/www.instagram.com\/jesuitasrioja\/"]}]}},"_links":{"self":[{"href":"https:\/\/www.jesuitasrioja.org\/en\/wp-json\/wp\/v2\/pages\/2230"}],"collection":[{"href":"https:\/\/www.jesuitasrioja.org\/en\/wp-json\/wp\/v2\/pages"}],"about":[{"href":"https:\/\/www.jesuitasrioja.org\/en\/wp-json\/wp\/v2\/types\/page"}],"author":[{"embeddable":true,"href":"https:\/\/www.jesuitasrioja.org\/en\/wp-json\/wp\/v2\/users\/1"}],"replies":[{"embeddable":true,"href":"https:\/\/www.jesuitasrioja.org\/en\/wp-json\/wp\/v2\/comments?post=2230"}],"version-history":[{"count":2,"href":"https:\/\/www.jesuitasrioja.org\/en\/wp-json\/wp\/v2\/pages\/2230\/revisions"}],"predecessor-version":[{"id":2316,"href":"https:\/\/www.jesuitasrioja.org\/en\/wp-json\/wp\/v2\/pages\/2230\/revisions\/2316"}],"wp:featuredmedia":[{"embeddable":true,"href":"https:\/\/www.jesuitasrioja.org\/en\/wp-json\/wp\/v2\/media\/2219"}],"wp:attachment":[{"href":"https:\/\/www.jesuitasrioja.org\/en\/wp-json\/wp\/v2\/media?parent=2230"}],"curies":[{"name":"wp","href":"https:\/\/api.w.org\/{rel}","templated":true}]}}

<!-- This site is optimized with the Yoast SEO Premium plugin v23.4 (Yoast SEO v24.2) - https://yoast.com/wordpress/plugins/seo/ -->
<title>The school - Jesuitas Logroño</title>
<meta name="robots" content="index, follow, max-snippet:-1, max-image-preview:large, max-video-preview:-1" />
<link rel="canonical" href="https://www.jesuitasrioja.org/en/the-school/" />
<meta property="og:locale" content="en_US" />
<meta property="og:type" content="article" />
<meta property="og:title" content="The school" />
<meta property="og:description" content="Our extensive offer in education enables us to provide our pupils and students with a comprehensive education, from Nursery School, through Primary, Compulsory Secondary Education, the Sixth Form, and all levels of Vocational Training (Basic, Intermediate and Advanced) through to the start of their working lives. A close Tutor – Pupil relationship, both inside and [&hellip;]" />
<meta property="og:url" content="https://www.jesuitasrioja.org/en/the-school/" />
<meta property="og:site_name" content="Jesuitas Logroño" />
<meta property="article:publisher" content="https://www.facebook.com/jesuitasrioja?locale=es_ES" />
<meta property="article:modified_time" content="2019-02-19T12:41:10+00:00" />
<meta property="og:image" content="https://www.jesuitasrioja.org/wp-content/uploads/2018/01/B_El-Centro.jpg" />
	<meta property="og:image:width" content="2257" />
	<meta property="og:image:height" content="340" />
	<meta property="og:image:type" content="image/jpeg" />
<meta name="twitter:card" content="summary_large_image" />
<meta name="twitter:site" content="@jesuitasrioja" />
<meta name="twitter:label1" content="Est. reading time" />
	<meta name="twitter:data1" content="1 minute" />
<script type="application/ld+json" class="yoast-schema-graph">{"@context":"https://schema.org","@graph":[{"@type":"WebPage","@id":"https://www.jesuitasrioja.org/en/the-school/","url":"https://www.jesuitasrioja.org/en/the-school/","name":"The school - Jesuitas Logroño","isPartOf":{"@id":"https://www.jesuitasrioja.org/#website"},"primaryImageOfPage":{"@id":"https://www.jesuitasrioja.org/en/the-school/#primaryimage"},"image":{"@id":"https://www.jesuitasrioja.org/en/the-school/#primaryimage"},"thumbnailUrl":"https://www.jesuitasrioja.org/wp-content/uploads/2018/01/B_El-Centro.jpg","datePublished":"2018-01-02T16:24:06+00:00","dateModified":"2019-02-19T12:41:10+00:00","breadcrumb":{"@id":"https://www.jesuitasrioja.org/en/the-school/#breadcrumb"},"inLanguage":"en-US","potentialAction":[{"@type":"ReadAction","target":["https://www.jesuitasrioja.org/en/the-school/"]}]},{"@type":"ImageObject","inLanguage":"en-US","@id":"https://www.jesuitasrioja.org/en/the-school/#primaryimage","url":"https://www.jesuitasrioja.org/wp-content/uploads/2018/01/B_El-Centro.jpg","contentUrl":"https://www.jesuitasrioja.org/wp-content/uploads/2018/01/B_El-Centro.jpg","width":2257,"height":340},{"@type":"BreadcrumbList","@id":"https://www.jesuitasrioja.org/en/the-school/#breadcrumb","itemListElement":[{"@type":"ListItem","position":1,"name":"Portada","item":"https://www.jesuitasrioja.org/en/inicio/"},{"@type":"ListItem","position":2,"name":"The school"}]},{"@type":"WebSite","@id":"https://www.jesuitasrioja.org/#website","url":"https://www.jesuitasrioja.org/","name":"Jesuitas Logroño","description":"Centro Sagrado Corazón - Jesuitas Logroño","publisher":{"@id":"https://www.jesuitasrioja.org/#organization"},"potentialAction":[{"@type":"SearchAction","target":{"@type":"EntryPoint","urlTemplate":"https://www.jesuitasrioja.org/?s={search_term_string}"},"query-input":{"@type":"PropertyValueSpecification","valueRequired":true,"valueName":"search_term_string"}}],"inLanguage":"en-US"},{"@type":"Organization","@id":"https://www.jesuitasrioja.org/#organization","name":"Centro Sagrado Corazón Jesuitas","url":"https://www.jesuitasrioja.org/","logo":{"@type":"ImageObject","inLanguage":"en-US","@id":"https://www.jesuitasrioja.org/#/schema/logo/image/","url":"https://www.jesuitasrioja.org/wp-content/uploads/2020/09/Logo-completo-pequeño.png","contentUrl":"https://www.jesuitasrioja.org/wp-content/uploads/2020/09/Logo-completo-pequeño.png","width":300,"height":300,"caption":"Centro Sagrado Corazón Jesuitas"},"image":{"@id":"https://www.jesuitasrioja.org/#/schema/logo/image/"},"sameAs":["https://www.facebook.com/jesuitasrioja?locale=es_ES","https://x.com/jesuitasrioja","https://www.instagram.com/jesuitasrioja/"]}]}</script>
<!-- / Yoast SEO Premium plugin. -->

The school - Jesuitas Logroño

Jesuitas Logroño

Centro Sagrado Corazón - Jesuitas Logroño

Centro Sagrado Corazón Jesuitas

https://www.jesuitasrioja.org/wp-content/uploads/2020/09/Logo-completo-pequeño.png
