{"id":2200,"date":"2018-01-03T10:40:38","date_gmt":"2018-01-03T10:40:38","guid":{"rendered":"http:\/\/www.jesuitasrioja.org\/oferta-educativa\/"},"modified":"2019-02-19T16:12:28","modified_gmt":"2019-02-19T16:12:28","slug":"education","status":"publish","type":"page","link":"https:\/\/www.jesuitasrioja.org\/en\/education\/","title":{"rendered":"Education"},"content":{"rendered":"<p>Our overriding mission is to educate young people to take their place in society, to be responsible for themselves and for the world around them. People committed to the move toward a more humanitarian and fairer society.<\/p>\n<p>This means our aim is to nurture and mentor our pupils and students, to help them receive a proper education and become:<\/p>\n<p><strong>CONSCIENTIOUS<\/strong>, aware of themselves and of the world we live in,<\/p>\n<p><strong>COMPETENT<\/strong> to face the challenges today\u2019s society poses,<\/p>\n<p><strong>COMMITTED<\/strong> to building a fairer world,<\/p>\n<p><strong>COMPASSIONATE<\/strong>, and open to the meaning of God\u2019s existence.<\/p>\n<p>How? By combing innovation in teaching with the century-old educational system inspired by St. Ignatius to enable teachers to mentor their pupils as they learn and mature.<\/p>","protected":false},"excerpt":{"rendered":"<p>Our overriding mission is to educate young people to take their place in society, to be responsible for themselves and for the world around them. People committed to the move toward a more humanitarian and fairer society. This means our aim is to nurture and mentor our pupils and students, to help them receive a [&hellip;]<\/p>\n","protected":false},"author":1,"featured_media":2201,"parent":0,"menu_order":20,"comment_status":"closed","ping_status":"closed","template":"","meta":{"_acf_changed":false,"footnotes":""},"acf":[],"yoast_head":"<!-- This site is optimized with the Yoast SEO Premium plugin v23.4 (Yoast SEO v24.2) - https:\/\/yoast.com\/wordpress\/plugins\/seo\/ -->\n<title>Education - Jesuitas Logro\u00f1o<\/title>\n<meta name=\"robots\" content=\"index, follow, max-snippet:-1, max-image-preview:large, max-video-preview:-1\" \/>\n<link rel=\"canonical\" href=\"https:\/\/www.jesuitasrioja.org\/en\/education\/\" \/>\n<meta property=\"og:locale\" content=\"en_US\" \/>\n<meta property=\"og:type\" content=\"article\" \/>\n<meta property=\"og:title\" content=\"Education\" \/>\n<meta property=\"og:description\" content=\"Our overriding mission is to educate young people to take their place in society, to be responsible for themselves and for the world around them. People committed to the move toward a more humanitarian and fairer society. This means our aim is to nurture and mentor our pupils and students, to help them receive a [&hellip;]\" \/>\n<meta property=\"og:url\" content=\"https:\/\/www.jesuitasrioja.org\/en\/education\/\" \/>\n<meta property=\"og:site_name\" content=\"Jesuitas Logro\u00f1o\" \/>\n<meta property=\"article:publisher\" content=\"https:\/\/www.facebook.com\/jesuitasrioja?locale=es_ES\" \/>\n<meta property=\"article:modified_time\" content=\"2019-02-19T16:12:28+00:00\" \/>\n<meta property=\"og:image\" content=\"https:\/\/www.jesuitasrioja.org\/wp-content\/uploads\/2018\/01\/B_Oferta-Educativa.jpg\" \/>\n\t<meta property=\"og:image:width\" content=\"2257\" \/>\n\t<meta property=\"og:image:height\" content=\"340\" \/>\n\t<meta property=\"og:image:type\" content=\"image\/jpeg\" \/>\n<meta name=\"twitter:card\" content=\"summary_large_image\" \/>\n<meta name=\"twitter:site\" content=\"@jesuitasrioja\" \/>\n<meta name=\"twitter:label1\" content=\"Est. reading time\" \/>\n\t<meta name=\"twitter:data1\" content=\"1 minute\" \/>\n<script type=\"application\/ld+json\" class=\"yoast-schema-graph\">{\"@context\":\"https:\/\/schema.org\",\"@graph\":[{\"@type\":\"WebPage\",\"@id\":\"https:\/\/www.jesuitasrioja.org\/en\/education\/\",\"url\":\"https:\/\/www.jesuitasrioja.org\/en\/education\/\",\"name\":\"Education - Jesuitas Logro\u00f1o\",\"isPartOf\":{\"@id\":\"https:\/\/www.jesuitasrioja.org\/#website\"},\"primaryImageOfPage\":{\"@id\":\"https:\/\/www.jesuitasrioja.org\/en\/education\/#primaryimage\"},\"image\":{\"@id\":\"https:\/\/www.jesuitasrioja.org\/en\/education\/#primaryimage\"},\"thumbnailUrl\":\"https:\/\/www.jesuitasrioja.org\/wp-content\/uploads\/2018\/01\/B_Oferta-Educativa.jpg\",\"datePublished\":\"2018-01-03T10:40:38+00:00\",\"dateModified\":\"2019-02-19T16:12:28+00:00\",\"breadcrumb\":{\"@id\":\"https:\/\/www.jesuitasrioja.org\/en\/education\/#breadcrumb\"},\"inLanguage\":\"en-US\",\"potentialAction\":[{\"@type\":\"ReadAction\",\"target\":[\"https:\/\/www.jesuitasrioja.org\/en\/education\/\"]}]},{\"@type\":\"ImageObject\",\"inLanguage\":\"en-US\",\"@id\":\"https:\/\/www.jesuitasrioja.org\/en\/education\/#primaryimage\",\"url\":\"https:\/\/www.jesuitasrioja.org\/wp-content\/uploads\/2018\/01\/B_Oferta-Educativa.jpg\",\"contentUrl\":\"https:\/\/www.jesuitasrioja.org\/wp-content\/uploads\/2018\/01\/B_Oferta-Educativa.jpg\",\"width\":2257,\"height\":340},{\"@type\":\"BreadcrumbList\",\"@id\":\"https:\/\/www.jesuitasrioja.org\/en\/education\/#breadcrumb\",\"itemListElement\":[{\"@type\":\"ListItem\",\"position\":1,\"name\":\"Portada\",\"item\":\"https:\/\/www.jesuitasrioja.org\/en\/inicio\/\"},{\"@type\":\"ListItem\",\"position\":2,\"name\":\"Education\"}]},{\"@type\":\"WebSite\",\"@id\":\"https:\/\/www.jesuitasrioja.org\/#website\",\"url\":\"https:\/\/www.jesuitasrioja.org\/\",\"name\":\"Jesuitas Logro\u00f1o\",\"description\":\"Centro Sagrado Coraz\u00f3n - Jesuitas Logro\u00f1o\",\"publisher\":{\"@id\":\"https:\/\/www.jesuitasrioja.org\/#organization\"},\"potentialAction\":[{\"@type\":\"SearchAction\",\"target\":{\"@type\":\"EntryPoint\",\"urlTemplate\":\"https:\/\/www.jesuitasrioja.org\/?s={search_term_string}\"},\"query-input\":{\"@type\":\"PropertyValueSpecification\",\"valueRequired\":true,\"valueName\":\"search_term_string\"}}],\"inLanguage\":\"en-US\"},{\"@type\":\"Organization\",\"@id\":\"https:\/\/www.jesuitasrioja.org\/#organization\",\"name\":\"Centro Sagrado Coraz\u00f3n Jesuitas\",\"url\":\"https:\/\/www.jesuitasrioja.org\/\",\"logo\":{\"@type\":\"ImageObject\",\"inLanguage\":\"en-US\",\"@id\":\"https:\/\/www.jesuitasrioja.org\/#\/schema\/logo\/image\/\",\"url\":\"https:\/\/www.jesuitasrioja.org\/wp-content\/uploads\/2020\/09\/Logo-completo-peque\u00f1o.png\",\"contentUrl\":\"https:\/\/www.jesuitasrioja.org\/wp-content\/uploads\/2020\/09\/Logo-completo-peque\u00f1o.png\",\"width\":300,\"height\":300,\"caption\":\"Centro Sagrado Coraz\u00f3n Jesuitas\"},\"image\":{\"@id\":\"https:\/\/www.jesuitasrioja.org\/#\/schema\/logo\/image\/\"},\"sameAs\":[\"https:\/\/www.facebook.com\/jesuitasrioja?locale=es_ES\",\"https:\/\/x.com\/jesuitasrioja\",\"https:\/\/www.instagram.com\/jesuitasrioja\/\"]}]}<\/script>\n<!-- \/ Yoast SEO Premium plugin. -->","yoast_head_json":{"title":"Education - Jesuitas Logro\u00f1o","robots":{"index":"index","follow":"follow","max-snippet":"max-snippet:-1","max-image-preview":"max-image-preview:large","max-video-preview":"max-video-preview:-1"},"canonical":"https:\/\/www.jesuitasrioja.org\/en\/education\/","og_locale":"en_US","og_type":"article","og_title":"Education","og_description":"Our overriding mission is to educate young people to take their place in society, to be responsible for themselves and for the world around them. People committed to the move toward a more humanitarian and fairer society. This means our aim is to nurture and mentor our pupils and students, to help them receive a [&hellip;]","og_url":"https:\/\/www.jesuitasrioja.org\/en\/education\/","og_site_name":"Jesuitas Logro\u00f1o","article_publisher":"https:\/\/www.facebook.com\/jesuitasrioja?locale=es_ES","article_modified_time":"2019-02-19T16:12:28+00:00","og_image":[{"width":2257,"height":340,"url":"https:\/\/www.jesuitasrioja.org\/wp-content\/uploads\/2018\/01\/B_Oferta-Educativa.jpg","type":"image\/jpeg"}],"twitter_card":"summary_large_image","twitter_site":"@jesuitasrioja","twitter_misc":{"Est. reading time":"1 minute"},"schema":{"@context":"https:\/\/schema.org","@graph":[{"@type":"WebPage","@id":"https:\/\/www.jesuitasrioja.org\/en\/education\/","url":"https:\/\/www.jesuitasrioja.org\/en\/education\/","name":"Education - Jesuitas Logro\u00f1o","isPartOf":{"@id":"https:\/\/www.jesuitasrioja.org\/#website"},"primaryImageOfPage":{"@id":"https:\/\/www.jesuitasrioja.org\/en\/education\/#primaryimage"},"image":{"@id":"https:\/\/www.jesuitasrioja.org\/en\/education\/#primaryimage"},"thumbnailUrl":"https:\/\/www.jesuitasrioja.org\/wp-content\/uploads\/2018\/01\/B_Oferta-Educativa.jpg","datePublished":"2018-01-03T10:40:38+00:00","dateModified":"2019-02-19T16:12:28+00:00","breadcrumb":{"@id":"https:\/\/www.jesuitasrioja.org\/en\/education\/#breadcrumb"},"inLanguage":"en-US","potentialAction":[{"@type":"ReadAction","target":["https:\/\/www.jesuitasrioja.org\/en\/education\/"]}]},{"@type":"ImageObject","inLanguage":"en-US","@id":"https:\/\/www.jesuitasrioja.org\/en\/education\/#primaryimage","url":"https:\/\/www.jesuitasrioja.org\/wp-content\/uploads\/2018\/01\/B_Oferta-Educativa.jpg","contentUrl":"https:\/\/www.jesuitasrioja.org\/wp-content\/uploads\/2018\/01\/B_Oferta-Educativa.jpg","width":2257,"height":340},{"@type":"BreadcrumbList","@id":"https:\/\/www.jesuitasrioja.org\/en\/education\/#breadcrumb","itemListElement":[{"@type":"ListItem","position":1,"name":"Portada","item":"https:\/\/www.jesuitasrioja.org\/en\/inicio\/"},{"@type":"ListItem","position":2,"name":"Education"}]},{"@type":"WebSite","@id":"https:\/\/www.jesuitasrioja.org\/#website","url":"https:\/\/www.jesuitasrioja.org\/","name":"Jesuitas Logro\u00f1o","description":"Centro Sagrado Coraz\u00f3n - Jesuitas Logro\u00f1o","publisher":{"@id":"https:\/\/www.jesuitasrioja.org\/#organization"},"potentialAction":[{"@type":"SearchAction","target":{"@type":"EntryPoint","urlTemplate":"https:\/\/www.jesuitasrioja.org\/?s={search_term_string}"},"query-input":{"@type":"PropertyValueSpecification","valueRequired":true,"valueName":"search_term_string"}}],"inLanguage":"en-US"},{"@type":"Organization","@id":"https:\/\/www.jesuitasrioja.org\/#organization","name":"Centro Sagrado Coraz\u00f3n Jesuitas","url":"https:\/\/www.jesuitasrioja.org\/","logo":{"@type":"ImageObject","inLanguage":"en-US","@id":"https:\/\/www.jesuitasrioja.org\/#\/schema\/logo\/image\/","url":"https:\/\/www.jesuitasrioja.org\/wp-content\/uploads\/2020\/09\/Logo-completo-peque\u00f1o.png","contentUrl":"https:\/\/www.jesuitasrioja.org\/wp-content\/uploads\/2020\/09\/Logo-completo-peque\u00f1o.png","width":300,"height":300,"caption":"Centro Sagrado Coraz\u00f3n Jesuitas"},"image":{"@id":"https:\/\/www.jesuitasrioja.org\/#\/schema\/logo\/image\/"},"sameAs":["https:\/\/www.facebook.com\/jesuitasrioja?locale=es_ES","https:\/\/x.com\/jesuitasrioja","https:\/\/www.instagram.com\/jesuitasrioja\/"]}]}},"_links":{"self":[{"href":"https:\/\/www.jesuitasrioja.org\/en\/wp-json\/wp\/v2\/pages\/2200"}],"collection":[{"href":"https:\/\/www.jesuitasrioja.org\/en\/wp-json\/wp\/v2\/pages"}],"about":[{"href":"https:\/\/www.jesuitasrioja.org\/en\/wp-json\/wp\/v2\/types\/page"}],"author":[{"embeddable":true,"href":"https:\/\/www.jesuitasrioja.org\/en\/wp-json\/wp\/v2\/users\/1"}],"replies":[{"embeddable":true,"href":"https:\/\/www.jesuitasrioja.org\/en\/wp-json\/wp\/v2\/comments?post=2200"}],"version-history":[{"count":2,"href":"https:\/\/www.jesuitasrioja.org\/en\/wp-json\/wp\/v2\/pages\/2200\/revisions"}],"predecessor-version":[{"id":2507,"href":"https:\/\/www.jesuitasrioja.org\/en\/wp-json\/wp\/v2\/pages\/2200\/revisions\/2507"}],"wp:featuredmedia":[{"embeddable":true,"href":"https:\/\/www.jesuitasrioja.org\/en\/wp-json\/wp\/v2\/media\/2201"}],"wp:attachment":[{"href":"https:\/\/www.jesuitasrioja.org\/en\/wp-json\/wp\/v2\/media?parent=2200"}],"curies":[{"name":"wp","href":"https:\/\/api.w.org\/{rel}","templated":true}]}}

<!-- This site is optimized with the Yoast SEO Premium plugin v23.4 (Yoast SEO v24.2) - https://yoast.com/wordpress/plugins/seo/ -->
<title>Education - Jesuitas Logroño</title>
<meta name="robots" content="index, follow, max-snippet:-1, max-image-preview:large, max-video-preview:-1" />
<link rel="canonical" href="https://www.jesuitasrioja.org/en/education/" />
<meta property="og:locale" content="en_US" />
<meta property="og:type" content="article" />
<meta property="og:title" content="Education" />
<meta property="og:description" content="Our overriding mission is to educate young people to take their place in society, to be responsible for themselves and for the world around them. People committed to the move toward a more humanitarian and fairer society. This means our aim is to nurture and mentor our pupils and students, to help them receive a [&hellip;]" />
<meta property="og:url" content="https://www.jesuitasrioja.org/en/education/" />
<meta property="og:site_name" content="Jesuitas Logroño" />
<meta property="article:publisher" content="https://www.facebook.com/jesuitasrioja?locale=es_ES" />
<meta property="article:modified_time" content="2019-02-19T16:12:28+00:00" />
<meta property="og:image" content="https://www.jesuitasrioja.org/wp-content/uploads/2018/01/B_Oferta-Educativa.jpg" />
	<meta property="og:image:width" content="2257" />
	<meta property="og:image:height" content="340" />
	<meta property="og:image:type" content="image/jpeg" />
<meta name="twitter:card" content="summary_large_image" />
<meta name="twitter:site" content="@jesuitasrioja" />
<meta name="twitter:label1" content="Est. reading time" />
	<meta name="twitter:data1" content="1 minute" />
<script type="application/ld+json" class="yoast-schema-graph">{"@context":"https://schema.org","@graph":[{"@type":"WebPage","@id":"https://www.jesuitasrioja.org/en/education/","url":"https://www.jesuitasrioja.org/en/education/","name":"Education - Jesuitas Logroño","isPartOf":{"@id":"https://www.jesuitasrioja.org/#website"},"primaryImageOfPage":{"@id":"https://www.jesuitasrioja.org/en/education/#primaryimage"},"image":{"@id":"https://www.jesuitasrioja.org/en/education/#primaryimage"},"thumbnailUrl":"https://www.jesuitasrioja.org/wp-content/uploads/2018/01/B_Oferta-Educativa.jpg","datePublished":"2018-01-03T10:40:38+00:00","dateModified":"2019-02-19T16:12:28+00:00","breadcrumb":{"@id":"https://www.jesuitasrioja.org/en/education/#breadcrumb"},"inLanguage":"en-US","potentialAction":[{"@type":"ReadAction","target":["https://www.jesuitasrioja.org/en/education/"]}]},{"@type":"ImageObject","inLanguage":"en-US","@id":"https://www.jesuitasrioja.org/en/education/#primaryimage","url":"https://www.jesuitasrioja.org/wp-content/uploads/2018/01/B_Oferta-Educativa.jpg","contentUrl":"https://www.jesuitasrioja.org/wp-content/uploads/2018/01/B_Oferta-Educativa.jpg","width":2257,"height":340},{"@type":"BreadcrumbList","@id":"https://www.jesuitasrioja.org/en/education/#breadcrumb","itemListElement":[{"@type":"ListItem","position":1,"name":"Portada","item":"https://www.jesuitasrioja.org/en/inicio/"},{"@type":"ListItem","position":2,"name":"Education"}]},{"@type":"WebSite","@id":"https://www.jesuitasrioja.org/#website","url":"https://www.jesuitasrioja.org/","name":"Jesuitas Logroño","description":"Centro Sagrado Corazón - Jesuitas Logroño","publisher":{"@id":"https://www.jesuitasrioja.org/#organization"},"potentialAction":[{"@type":"SearchAction","target":{"@type":"EntryPoint","urlTemplate":"https://www.jesuitasrioja.org/?s={search_term_string}"},"query-input":{"@type":"PropertyValueSpecification","valueRequired":true,"valueName":"search_term_string"}}],"inLanguage":"en-US"},{"@type":"Organization","@id":"https://www.jesuitasrioja.org/#organization","name":"Centro Sagrado Corazón Jesuitas","url":"https://www.jesuitasrioja.org/","logo":{"@type":"ImageObject","inLanguage":"en-US","@id":"https://www.jesuitasrioja.org/#/schema/logo/image/","url":"https://www.jesuitasrioja.org/wp-content/uploads/2020/09/Logo-completo-pequeño.png","contentUrl":"https://www.jesuitasrioja.org/wp-content/uploads/2020/09/Logo-completo-pequeño.png","width":300,"height":300,"caption":"Centro Sagrado Corazón Jesuitas"},"image":{"@id":"https://www.jesuitasrioja.org/#/schema/logo/image/"},"sameAs":["https://www.facebook.com/jesuitasrioja?locale=es_ES","https://x.com/jesuitasrioja","https://www.instagram.com/jesuitasrioja/"]}]}</script>
<!-- / Yoast SEO Premium plugin. -->

Education - Jesuitas Logroño

Jesuitas Logroño

Centro Sagrado Corazón - Jesuitas Logroño

Centro Sagrado Corazón Jesuitas

https://www.jesuitasrioja.org/wp-content/uploads/2020/09/Logo-completo-pequeño.png
