{"id":2179,"date":"2018-01-03T10:49:24","date_gmt":"2018-01-03T10:49:24","guid":{"rendered":"http:\/\/www.jesuitasrioja.org\/proyecto-pastoral\/"},"modified":"2019-02-20T09:07:10","modified_gmt":"2019-02-20T09:07:10","slug":"pastoral-project","status":"publish","type":"page","link":"https:\/\/www.jesuitasrioja.org\/en\/pastoral-project\/","title":{"rendered":"Pastoral Project"},"content":{"rendered":"<p>Our pastoral care seeks ways of revealing God\u2019s face to the world, creating spaces, dialogues and encounters in which to nurture the faith of individuals and communities alike.<\/p>\n<h2>Goals<\/h2>\n<p>Our pastoral work aims to draw us closer to the beliefs of many men and women. We therefore need to know and recognise God\u2019s presence in this world, with its joys and its sadness.<br \/>\nIn all the activities, the spiritual nature of Ignatius\u2019s teachings helps to guide our hearts in our personal relationship with God.<\/p>\n<p>A personal relationship in which we discover the love of God and His specific wishes for each one of us.<br \/>\nFaith is a gift, and it is a task we have work on both individually and collectively, which is why we need places for development, learning, dialogue, celebration and commitment in order to grow in it and from it.<\/p>\n<h2>Our motto for the 2018-2019 school year<\/h2>\n<p><img loading=\"lazy\" decoding=\"async\" class=\"aligncenter wp-image-1664\" src=\"http:\/\/www.jesuitasrioja.org\/wp-content\/uploads\/2018\/10\/Captura-de-pantalla-2018-10-03-a-las-12.34.58-753x1024.png\" alt=\"\" width=\"671\" height=\"912\" srcset=\"https:\/\/www.jesuitasrioja.org\/wp-content\/uploads\/2018\/10\/Captura-de-pantalla-2018-10-03-a-las-12.34.58-753x1024.png 753w, https:\/\/www.jesuitasrioja.org\/wp-content\/uploads\/2018\/10\/Captura-de-pantalla-2018-10-03-a-las-12.34.58-221x300.png 221w, https:\/\/www.jesuitasrioja.org\/wp-content\/uploads\/2018\/10\/Captura-de-pantalla-2018-10-03-a-las-12.34.58-768x1044.png 768w, https:\/\/www.jesuitasrioja.org\/wp-content\/uploads\/2018\/10\/Captura-de-pantalla-2018-10-03-a-las-12.34.58.png 800w\" sizes=\"(max-width: 671px) 100vw, 671px\" \/><\/p>\n<p><img loading=\"lazy\" decoding=\"async\" class=\"aligncenter wp-image-1663\" src=\"http:\/\/www.jesuitasrioja.org\/wp-content\/uploads\/2018\/10\/Captura-de-pantalla-2018-10-03-a-las-12.35.13.png\" alt=\"\" width=\"659\" height=\"827\" srcset=\"https:\/\/www.jesuitasrioja.org\/wp-content\/uploads\/2018\/10\/Captura-de-pantalla-2018-10-03-a-las-12.35.13.png 798w, https:\/\/www.jesuitasrioja.org\/wp-content\/uploads\/2018\/10\/Captura-de-pantalla-2018-10-03-a-las-12.35.13-239x300.png 239w, https:\/\/www.jesuitasrioja.org\/wp-content\/uploads\/2018\/10\/Captura-de-pantalla-2018-10-03-a-las-12.35.13-768x964.png 768w\" sizes=\"(max-width: 659px) 100vw, 659px\" \/><\/p>\n<p>&nbsp;<\/p>","protected":false},"excerpt":{"rendered":"<p>Our pastoral care seeks ways of revealing God\u2019s face to the world, creating spaces, dialogues and encounters in which to nurture the faith of individuals and communities alike. Goals Our pastoral work aims to draw us closer to the beliefs of many men and women. We therefore need to know and recognise God\u2019s presence in [&hellip;]<\/p>\n","protected":false},"author":1,"featured_media":2181,"parent":0,"menu_order":30,"comment_status":"closed","ping_status":"closed","template":"","meta":{"_acf_changed":false,"footnotes":""},"acf":[],"yoast_head":"<!-- This site is optimized with the Yoast SEO Premium plugin v23.4 (Yoast SEO v24.2) - https:\/\/yoast.com\/wordpress\/plugins\/seo\/ -->\n<title>Pastoral Project - Jesuitas Logro\u00f1o<\/title>\n<meta name=\"robots\" content=\"index, follow, max-snippet:-1, max-image-preview:large, max-video-preview:-1\" \/>\n<link rel=\"canonical\" href=\"https:\/\/www.jesuitasrioja.org\/en\/pastoral-project\/\" \/>\n<meta property=\"og:locale\" content=\"en_US\" \/>\n<meta property=\"og:type\" content=\"article\" \/>\n<meta property=\"og:title\" content=\"Pastoral Project\" \/>\n<meta property=\"og:description\" content=\"Our pastoral care seeks ways of revealing God\u2019s face to the world, creating spaces, dialogues and encounters in which to nurture the faith of individuals and communities alike. Goals Our pastoral work aims to draw us closer to the beliefs of many men and women. We therefore need to know and recognise God\u2019s presence in [&hellip;]\" \/>\n<meta property=\"og:url\" content=\"https:\/\/www.jesuitasrioja.org\/en\/pastoral-project\/\" \/>\n<meta property=\"og:site_name\" content=\"Jesuitas Logro\u00f1o\" \/>\n<meta property=\"article:publisher\" content=\"https:\/\/www.facebook.com\/jesuitasrioja?locale=es_ES\" \/>\n<meta property=\"article:modified_time\" content=\"2019-02-20T09:07:10+00:00\" \/>\n<meta property=\"og:image\" content=\"https:\/\/www.jesuitasrioja.org\/wp-content\/uploads\/2018\/09\/20180928_101723-1-e1538563128200.jpg\" \/>\n\t<meta property=\"og:image:width\" content=\"1300\" \/>\n\t<meta property=\"og:image:height\" content=\"1276\" \/>\n\t<meta property=\"og:image:type\" content=\"image\/jpeg\" \/>\n<meta name=\"twitter:card\" content=\"summary_large_image\" \/>\n<meta name=\"twitter:site\" content=\"@jesuitasrioja\" \/>\n<meta name=\"twitter:label1\" content=\"Est. reading time\" \/>\n\t<meta name=\"twitter:data1\" content=\"2 minutes\" \/>\n<script type=\"application\/ld+json\" class=\"yoast-schema-graph\">{\"@context\":\"https:\/\/schema.org\",\"@graph\":[{\"@type\":\"WebPage\",\"@id\":\"https:\/\/www.jesuitasrioja.org\/en\/pastoral-project\/\",\"url\":\"https:\/\/www.jesuitasrioja.org\/en\/pastoral-project\/\",\"name\":\"Pastoral Project - Jesuitas Logro\u00f1o\",\"isPartOf\":{\"@id\":\"https:\/\/www.jesuitasrioja.org\/#website\"},\"primaryImageOfPage\":{\"@id\":\"https:\/\/www.jesuitasrioja.org\/en\/pastoral-project\/#primaryimage\"},\"image\":{\"@id\":\"https:\/\/www.jesuitasrioja.org\/en\/pastoral-project\/#primaryimage\"},\"thumbnailUrl\":\"https:\/\/www.jesuitasrioja.org\/wp-content\/uploads\/2018\/09\/20180928_101723-1-e1538563128200.jpg\",\"datePublished\":\"2018-01-03T10:49:24+00:00\",\"dateModified\":\"2019-02-20T09:07:10+00:00\",\"breadcrumb\":{\"@id\":\"https:\/\/www.jesuitasrioja.org\/en\/pastoral-project\/#breadcrumb\"},\"inLanguage\":\"en-US\",\"potentialAction\":[{\"@type\":\"ReadAction\",\"target\":[\"https:\/\/www.jesuitasrioja.org\/en\/pastoral-project\/\"]}]},{\"@type\":\"ImageObject\",\"inLanguage\":\"en-US\",\"@id\":\"https:\/\/www.jesuitasrioja.org\/en\/pastoral-project\/#primaryimage\",\"url\":\"https:\/\/www.jesuitasrioja.org\/wp-content\/uploads\/2018\/09\/20180928_101723-1-e1538563128200.jpg\",\"contentUrl\":\"https:\/\/www.jesuitasrioja.org\/wp-content\/uploads\/2018\/09\/20180928_101723-1-e1538563128200.jpg\",\"width\":1300,\"height\":1276},{\"@type\":\"BreadcrumbList\",\"@id\":\"https:\/\/www.jesuitasrioja.org\/en\/pastoral-project\/#breadcrumb\",\"itemListElement\":[{\"@type\":\"ListItem\",\"position\":1,\"name\":\"Portada\",\"item\":\"https:\/\/www.jesuitasrioja.org\/en\/inicio\/\"},{\"@type\":\"ListItem\",\"position\":2,\"name\":\"Pastoral Project\"}]},{\"@type\":\"WebSite\",\"@id\":\"https:\/\/www.jesuitasrioja.org\/#website\",\"url\":\"https:\/\/www.jesuitasrioja.org\/\",\"name\":\"Jesuitas Logro\u00f1o\",\"description\":\"Centro Sagrado Coraz\u00f3n - Jesuitas Logro\u00f1o\",\"publisher\":{\"@id\":\"https:\/\/www.jesuitasrioja.org\/#organization\"},\"potentialAction\":[{\"@type\":\"SearchAction\",\"target\":{\"@type\":\"EntryPoint\",\"urlTemplate\":\"https:\/\/www.jesuitasrioja.org\/?s={search_term_string}\"},\"query-input\":{\"@type\":\"PropertyValueSpecification\",\"valueRequired\":true,\"valueName\":\"search_term_string\"}}],\"inLanguage\":\"en-US\"},{\"@type\":\"Organization\",\"@id\":\"https:\/\/www.jesuitasrioja.org\/#organization\",\"name\":\"Centro Sagrado Coraz\u00f3n Jesuitas\",\"url\":\"https:\/\/www.jesuitasrioja.org\/\",\"logo\":{\"@type\":\"ImageObject\",\"inLanguage\":\"en-US\",\"@id\":\"https:\/\/www.jesuitasrioja.org\/#\/schema\/logo\/image\/\",\"url\":\"https:\/\/www.jesuitasrioja.org\/wp-content\/uploads\/2020\/09\/Logo-completo-peque\u00f1o.png\",\"contentUrl\":\"https:\/\/www.jesuitasrioja.org\/wp-content\/uploads\/2020\/09\/Logo-completo-peque\u00f1o.png\",\"width\":300,\"height\":300,\"caption\":\"Centro Sagrado Coraz\u00f3n Jesuitas\"},\"image\":{\"@id\":\"https:\/\/www.jesuitasrioja.org\/#\/schema\/logo\/image\/\"},\"sameAs\":[\"https:\/\/www.facebook.com\/jesuitasrioja?locale=es_ES\",\"https:\/\/x.com\/jesuitasrioja\",\"https:\/\/www.instagram.com\/jesuitasrioja\/\"]}]}<\/script>\n<!-- \/ Yoast SEO Premium plugin. -->","yoast_head_json":{"title":"Pastoral Project - Jesuitas Logro\u00f1o","robots":{"index":"index","follow":"follow","max-snippet":"max-snippet:-1","max-image-preview":"max-image-preview:large","max-video-preview":"max-video-preview:-1"},"canonical":"https:\/\/www.jesuitasrioja.org\/en\/pastoral-project\/","og_locale":"en_US","og_type":"article","og_title":"Pastoral Project","og_description":"Our pastoral care seeks ways of revealing God\u2019s face to the world, creating spaces, dialogues and encounters in which to nurture the faith of individuals and communities alike. Goals Our pastoral work aims to draw us closer to the beliefs of many men and women. We therefore need to know and recognise God\u2019s presence in [&hellip;]","og_url":"https:\/\/www.jesuitasrioja.org\/en\/pastoral-project\/","og_site_name":"Jesuitas Logro\u00f1o","article_publisher":"https:\/\/www.facebook.com\/jesuitasrioja?locale=es_ES","article_modified_time":"2019-02-20T09:07:10+00:00","og_image":[{"width":1300,"height":1276,"url":"https:\/\/www.jesuitasrioja.org\/wp-content\/uploads\/2018\/09\/20180928_101723-1-e1538563128200.jpg","type":"image\/jpeg"}],"twitter_card":"summary_large_image","twitter_site":"@jesuitasrioja","twitter_misc":{"Est. reading time":"2 minutes"},"schema":{"@context":"https:\/\/schema.org","@graph":[{"@type":"WebPage","@id":"https:\/\/www.jesuitasrioja.org\/en\/pastoral-project\/","url":"https:\/\/www.jesuitasrioja.org\/en\/pastoral-project\/","name":"Pastoral Project - Jesuitas Logro\u00f1o","isPartOf":{"@id":"https:\/\/www.jesuitasrioja.org\/#website"},"primaryImageOfPage":{"@id":"https:\/\/www.jesuitasrioja.org\/en\/pastoral-project\/#primaryimage"},"image":{"@id":"https:\/\/www.jesuitasrioja.org\/en\/pastoral-project\/#primaryimage"},"thumbnailUrl":"https:\/\/www.jesuitasrioja.org\/wp-content\/uploads\/2018\/09\/20180928_101723-1-e1538563128200.jpg","datePublished":"2018-01-03T10:49:24+00:00","dateModified":"2019-02-20T09:07:10+00:00","breadcrumb":{"@id":"https:\/\/www.jesuitasrioja.org\/en\/pastoral-project\/#breadcrumb"},"inLanguage":"en-US","potentialAction":[{"@type":"ReadAction","target":["https:\/\/www.jesuitasrioja.org\/en\/pastoral-project\/"]}]},{"@type":"ImageObject","inLanguage":"en-US","@id":"https:\/\/www.jesuitasrioja.org\/en\/pastoral-project\/#primaryimage","url":"https:\/\/www.jesuitasrioja.org\/wp-content\/uploads\/2018\/09\/20180928_101723-1-e1538563128200.jpg","contentUrl":"https:\/\/www.jesuitasrioja.org\/wp-content\/uploads\/2018\/09\/20180928_101723-1-e1538563128200.jpg","width":1300,"height":1276},{"@type":"BreadcrumbList","@id":"https:\/\/www.jesuitasrioja.org\/en\/pastoral-project\/#breadcrumb","itemListElement":[{"@type":"ListItem","position":1,"name":"Portada","item":"https:\/\/www.jesuitasrioja.org\/en\/inicio\/"},{"@type":"ListItem","position":2,"name":"Pastoral Project"}]},{"@type":"WebSite","@id":"https:\/\/www.jesuitasrioja.org\/#website","url":"https:\/\/www.jesuitasrioja.org\/","name":"Jesuitas Logro\u00f1o","description":"Centro Sagrado Coraz\u00f3n - Jesuitas Logro\u00f1o","publisher":{"@id":"https:\/\/www.jesuitasrioja.org\/#organization"},"potentialAction":[{"@type":"SearchAction","target":{"@type":"EntryPoint","urlTemplate":"https:\/\/www.jesuitasrioja.org\/?s={search_term_string}"},"query-input":{"@type":"PropertyValueSpecification","valueRequired":true,"valueName":"search_term_string"}}],"inLanguage":"en-US"},{"@type":"Organization","@id":"https:\/\/www.jesuitasrioja.org\/#organization","name":"Centro Sagrado Coraz\u00f3n Jesuitas","url":"https:\/\/www.jesuitasrioja.org\/","logo":{"@type":"ImageObject","inLanguage":"en-US","@id":"https:\/\/www.jesuitasrioja.org\/#\/schema\/logo\/image\/","url":"https:\/\/www.jesuitasrioja.org\/wp-content\/uploads\/2020\/09\/Logo-completo-peque\u00f1o.png","contentUrl":"https:\/\/www.jesuitasrioja.org\/wp-content\/uploads\/2020\/09\/Logo-completo-peque\u00f1o.png","width":300,"height":300,"caption":"Centro Sagrado Coraz\u00f3n Jesuitas"},"image":{"@id":"https:\/\/www.jesuitasrioja.org\/#\/schema\/logo\/image\/"},"sameAs":["https:\/\/www.facebook.com\/jesuitasrioja?locale=es_ES","https:\/\/x.com\/jesuitasrioja","https:\/\/www.instagram.com\/jesuitasrioja\/"]}]}},"_links":{"self":[{"href":"https:\/\/www.jesuitasrioja.org\/en\/wp-json\/wp\/v2\/pages\/2179"}],"collection":[{"href":"https:\/\/www.jesuitasrioja.org\/en\/wp-json\/wp\/v2\/pages"}],"about":[{"href":"https:\/\/www.jesuitasrioja.org\/en\/wp-json\/wp\/v2\/types\/page"}],"author":[{"embeddable":true,"href":"https:\/\/www.jesuitasrioja.org\/en\/wp-json\/wp\/v2\/users\/1"}],"replies":[{"embeddable":true,"href":"https:\/\/www.jesuitasrioja.org\/en\/wp-json\/wp\/v2\/comments?post=2179"}],"version-history":[{"count":1,"href":"https:\/\/www.jesuitasrioja.org\/en\/wp-json\/wp\/v2\/pages\/2179\/revisions"}],"predecessor-version":[{"id":2587,"href":"https:\/\/www.jesuitasrioja.org\/en\/wp-json\/wp\/v2\/pages\/2179\/revisions\/2587"}],"wp:featuredmedia":[{"embeddable":true,"href":"https:\/\/www.jesuitasrioja.org\/en\/wp-json\/wp\/v2\/media\/2181"}],"wp:attachment":[{"href":"https:\/\/www.jesuitasrioja.org\/en\/wp-json\/wp\/v2\/media?parent=2179"}],"curies":[{"name":"wp","href":"https:\/\/api.w.org\/{rel}","templated":true}]}}

<!-- This site is optimized with the Yoast SEO Premium plugin v23.4 (Yoast SEO v24.2) - https://yoast.com/wordpress/plugins/seo/ -->
<title>Pastoral Project - Jesuitas Logroño</title>
<meta name="robots" content="index, follow, max-snippet:-1, max-image-preview:large, max-video-preview:-1" />
<link rel="canonical" href="https://www.jesuitasrioja.org/en/pastoral-project/" />
<meta property="og:locale" content="en_US" />
<meta property="og:type" content="article" />
<meta property="og:title" content="Pastoral Project" />
<meta property="og:description" content="Our pastoral care seeks ways of revealing God’s face to the world, creating spaces, dialogues and encounters in which to nurture the faith of individuals and communities alike. Goals Our pastoral work aims to draw us closer to the beliefs of many men and women. We therefore need to know and recognise God’s presence in [&hellip;]" />
<meta property="og:url" content="https://www.jesuitasrioja.org/en/pastoral-project/" />
<meta property="og:site_name" content="Jesuitas Logroño" />
<meta property="article:publisher" content="https://www.facebook.com/jesuitasrioja?locale=es_ES" />
<meta property="article:modified_time" content="2019-02-20T09:07:10+00:00" />
<meta property="og:image" content="https://www.jesuitasrioja.org/wp-content/uploads/2018/09/20180928_101723-1-e1538563128200.jpg" />
	<meta property="og:image:width" content="1300" />
	<meta property="og:image:height" content="1276" />
	<meta property="og:image:type" content="image/jpeg" />
<meta name="twitter:card" content="summary_large_image" />
<meta name="twitter:site" content="@jesuitasrioja" />
<meta name="twitter:label1" content="Est. reading time" />
	<meta name="twitter:data1" content="2 minutes" />
<script type="application/ld+json" class="yoast-schema-graph">{"@context":"https://schema.org","@graph":[{"@type":"WebPage","@id":"https://www.jesuitasrioja.org/en/pastoral-project/","url":"https://www.jesuitasrioja.org/en/pastoral-project/","name":"Pastoral Project - Jesuitas Logroño","isPartOf":{"@id":"https://www.jesuitasrioja.org/#website"},"primaryImageOfPage":{"@id":"https://www.jesuitasrioja.org/en/pastoral-project/#primaryimage"},"image":{"@id":"https://www.jesuitasrioja.org/en/pastoral-project/#primaryimage"},"thumbnailUrl":"https://www.jesuitasrioja.org/wp-content/uploads/2018/09/20180928_101723-1-e1538563128200.jpg","datePublished":"2018-01-03T10:49:24+00:00","dateModified":"2019-02-20T09:07:10+00:00","breadcrumb":{"@id":"https://www.jesuitasrioja.org/en/pastoral-project/#breadcrumb"},"inLanguage":"en-US","potentialAction":[{"@type":"ReadAction","target":["https://www.jesuitasrioja.org/en/pastoral-project/"]}]},{"@type":"ImageObject","inLanguage":"en-US","@id":"https://www.jesuitasrioja.org/en/pastoral-project/#primaryimage","url":"https://www.jesuitasrioja.org/wp-content/uploads/2018/09/20180928_101723-1-e1538563128200.jpg","contentUrl":"https://www.jesuitasrioja.org/wp-content/uploads/2018/09/20180928_101723-1-e1538563128200.jpg","width":1300,"height":1276},{"@type":"BreadcrumbList","@id":"https://www.jesuitasrioja.org/en/pastoral-project/#breadcrumb","itemListElement":[{"@type":"ListItem","position":1,"name":"Portada","item":"https://www.jesuitasrioja.org/en/inicio/"},{"@type":"ListItem","position":2,"name":"Pastoral Project"}]},{"@type":"WebSite","@id":"https://www.jesuitasrioja.org/#website","url":"https://www.jesuitasrioja.org/","name":"Jesuitas Logroño","description":"Centro Sagrado Corazón - Jesuitas Logroño","publisher":{"@id":"https://www.jesuitasrioja.org/#organization"},"potentialAction":[{"@type":"SearchAction","target":{"@type":"EntryPoint","urlTemplate":"https://www.jesuitasrioja.org/?s={search_term_string}"},"query-input":{"@type":"PropertyValueSpecification","valueRequired":true,"valueName":"search_term_string"}}],"inLanguage":"en-US"},{"@type":"Organization","@id":"https://www.jesuitasrioja.org/#organization","name":"Centro Sagrado Corazón Jesuitas","url":"https://www.jesuitasrioja.org/","logo":{"@type":"ImageObject","inLanguage":"en-US","@id":"https://www.jesuitasrioja.org/#/schema/logo/image/","url":"https://www.jesuitasrioja.org/wp-content/uploads/2020/09/Logo-completo-pequeño.png","contentUrl":"https://www.jesuitasrioja.org/wp-content/uploads/2020/09/Logo-completo-pequeño.png","width":300,"height":300,"caption":"Centro Sagrado Corazón Jesuitas"},"image":{"@id":"https://www.jesuitasrioja.org/#/schema/logo/image/"},"sameAs":["https://www.facebook.com/jesuitasrioja?locale=es_ES","https://x.com/jesuitasrioja","https://www.instagram.com/jesuitasrioja/"]}]}</script>
<!-- / Yoast SEO Premium plugin. -->

Pastoral Project - Jesuitas Logroño

Jesuitas Logroño

Centro Sagrado Corazón - Jesuitas Logroño

Centro Sagrado Corazón Jesuitas

https://www.jesuitasrioja.org/wp-content/uploads/2020/09/Logo-completo-pequeño.png
