{"id":2158,"date":"2018-01-03T11:06:47","date_gmt":"2018-01-03T11:06:47","guid":{"rendered":"http:\/\/www.jesuitasrioja.org\/cuadro-de-actividades\/"},"modified":"2019-02-19T14:58:54","modified_gmt":"2019-02-19T14:58:54","slug":"table-of-activities","status":"publish","type":"page","link":"https:\/\/www.jesuitasrioja.org\/en\/out-of-school-activities\/table-of-activities\/","title":{"rendered":"Table of extracurricular activities"},"content":{"rendered":"","protected":true},"excerpt":{"rendered":"","protected":true},"author":1,"featured_media":2154,"parent":2164,"menu_order":10,"comment_status":"closed","ping_status":"closed","template":"","meta":{"_acf_changed":false,"footnotes":""},"acf":[],"yoast_head":"<!-- This site is optimized with the Yoast SEO Premium plugin v23.4 (Yoast SEO v24.2) - https:\/\/yoast.com\/wordpress\/plugins\/seo\/ -->\n<title>Table of extracurricular activities - Jesuitas Logro\u00f1o<\/title>\n<meta name=\"robots\" content=\"index, follow, max-snippet:-1, max-image-preview:large, max-video-preview:-1\" \/>\n<link rel=\"canonical\" href=\"https:\/\/www.jesuitasrioja.org\/en\/out-of-school-activities\/table-of-activities\/\" \/>\n<meta property=\"og:locale\" content=\"en_US\" \/>\n<meta property=\"og:type\" content=\"article\" \/>\n<meta property=\"og:title\" content=\"Table of extracurricular activities\" \/>\n<meta property=\"og:description\" content=\"There is no excerpt because this is a protected post.\" \/>\n<meta property=\"og:url\" content=\"https:\/\/www.jesuitasrioja.org\/en\/out-of-school-activities\/table-of-activities\/\" \/>\n<meta property=\"og:site_name\" content=\"Jesuitas Logro\u00f1o\" \/>\n<meta property=\"article:publisher\" content=\"https:\/\/www.facebook.com\/jesuitasrioja?locale=es_ES\" \/>\n<meta property=\"article:modified_time\" content=\"2019-02-19T14:58:54+00:00\" \/>\n<meta name=\"twitter:card\" content=\"summary_large_image\" \/>\n<meta name=\"twitter:site\" content=\"@jesuitasrioja\" \/>\n<meta name=\"twitter:label1\" content=\"Est. reading time\" \/>\n\t<meta name=\"twitter:data1\" content=\"1 minute\" \/>\n<script type=\"application\/ld+json\" class=\"yoast-schema-graph\">{\"@context\":\"https:\/\/schema.org\",\"@graph\":[{\"@type\":\"WebPage\",\"@id\":\"https:\/\/www.jesuitasrioja.org\/en\/out-of-school-activities\/table-of-activities\/\",\"url\":\"https:\/\/www.jesuitasrioja.org\/en\/out-of-school-activities\/table-of-activities\/\",\"name\":\"Table of extracurricular activities - Jesuitas Logro\u00f1o\",\"isPartOf\":{\"@id\":\"https:\/\/www.jesuitasrioja.org\/#website\"},\"datePublished\":\"2018-01-03T11:06:47+00:00\",\"dateModified\":\"2019-02-19T14:58:54+00:00\",\"breadcrumb\":{\"@id\":\"https:\/\/www.jesuitasrioja.org\/en\/out-of-school-activities\/table-of-activities\/#breadcrumb\"},\"inLanguage\":\"en-US\"},{\"@type\":\"WebSite\",\"@id\":\"https:\/\/www.jesuitasrioja.org\/#website\",\"url\":\"https:\/\/www.jesuitasrioja.org\/\",\"name\":\"Jesuitas Logro\u00f1o\",\"description\":\"Centro Sagrado Coraz\u00f3n - Jesuitas Logro\u00f1o\",\"publisher\":{\"@id\":\"https:\/\/www.jesuitasrioja.org\/#organization\"},\"potentialAction\":[{\"@type\":\"SearchAction\",\"target\":{\"@type\":\"EntryPoint\",\"urlTemplate\":\"https:\/\/www.jesuitasrioja.org\/?s={search_term_string}\"},\"query-input\":{\"@type\":\"PropertyValueSpecification\",\"valueRequired\":true,\"valueName\":\"search_term_string\"}}],\"inLanguage\":\"en-US\"},{\"@type\":\"Organization\",\"@id\":\"https:\/\/www.jesuitasrioja.org\/#organization\",\"name\":\"Centro Sagrado Coraz\u00f3n Jesuitas\",\"url\":\"https:\/\/www.jesuitasrioja.org\/\",\"logo\":{\"@type\":\"ImageObject\",\"inLanguage\":\"en-US\",\"@id\":\"https:\/\/www.jesuitasrioja.org\/#\/schema\/logo\/image\/\",\"url\":\"https:\/\/www.jesuitasrioja.org\/wp-content\/uploads\/2020\/09\/Logo-completo-peque\u00f1o.png\",\"contentUrl\":\"https:\/\/www.jesuitasrioja.org\/wp-content\/uploads\/2020\/09\/Logo-completo-peque\u00f1o.png\",\"width\":300,\"height\":300,\"caption\":\"Centro Sagrado Coraz\u00f3n Jesuitas\"},\"image\":{\"@id\":\"https:\/\/www.jesuitasrioja.org\/#\/schema\/logo\/image\/\"},\"sameAs\":[\"https:\/\/www.facebook.com\/jesuitasrioja?locale=es_ES\",\"https:\/\/x.com\/jesuitasrioja\",\"https:\/\/www.instagram.com\/jesuitasrioja\/\"]}]}<\/script>\n<!-- \/ Yoast SEO Premium plugin. -->","yoast_head_json":{"title":"Table of extracurricular activities - Jesuitas Logro\u00f1o","robots":{"index":"index","follow":"follow","max-snippet":"max-snippet:-1","max-image-preview":"max-image-preview:large","max-video-preview":"max-video-preview:-1"},"canonical":"https:\/\/www.jesuitasrioja.org\/en\/out-of-school-activities\/table-of-activities\/","og_locale":"en_US","og_type":"article","og_title":"Table of extracurricular activities","og_description":"There is no excerpt because this is a protected post.","og_url":"https:\/\/www.jesuitasrioja.org\/en\/out-of-school-activities\/table-of-activities\/","og_site_name":"Jesuitas Logro\u00f1o","article_publisher":"https:\/\/www.facebook.com\/jesuitasrioja?locale=es_ES","article_modified_time":"2019-02-19T14:58:54+00:00","twitter_card":"summary_large_image","twitter_site":"@jesuitasrioja","twitter_misc":{"Est. reading time":"1 minute"},"schema":{"@context":"https:\/\/schema.org","@graph":[{"@type":"WebPage","@id":"https:\/\/www.jesuitasrioja.org\/en\/out-of-school-activities\/table-of-activities\/","url":"https:\/\/www.jesuitasrioja.org\/en\/out-of-school-activities\/table-of-activities\/","name":"Table of extracurricular activities - Jesuitas Logro\u00f1o","isPartOf":{"@id":"https:\/\/www.jesuitasrioja.org\/#website"},"datePublished":"2018-01-03T11:06:47+00:00","dateModified":"2019-02-19T14:58:54+00:00","breadcrumb":{"@id":"https:\/\/www.jesuitasrioja.org\/en\/out-of-school-activities\/table-of-activities\/#breadcrumb"},"inLanguage":"en-US"},{"@type":"WebSite","@id":"https:\/\/www.jesuitasrioja.org\/#website","url":"https:\/\/www.jesuitasrioja.org\/","name":"Jesuitas Logro\u00f1o","description":"Centro Sagrado Coraz\u00f3n - Jesuitas Logro\u00f1o","publisher":{"@id":"https:\/\/www.jesuitasrioja.org\/#organization"},"potentialAction":[{"@type":"SearchAction","target":{"@type":"EntryPoint","urlTemplate":"https:\/\/www.jesuitasrioja.org\/?s={search_term_string}"},"query-input":{"@type":"PropertyValueSpecification","valueRequired":true,"valueName":"search_term_string"}}],"inLanguage":"en-US"},{"@type":"Organization","@id":"https:\/\/www.jesuitasrioja.org\/#organization","name":"Centro Sagrado Coraz\u00f3n Jesuitas","url":"https:\/\/www.jesuitasrioja.org\/","logo":{"@type":"ImageObject","inLanguage":"en-US","@id":"https:\/\/www.jesuitasrioja.org\/#\/schema\/logo\/image\/","url":"https:\/\/www.jesuitasrioja.org\/wp-content\/uploads\/2020\/09\/Logo-completo-peque\u00f1o.png","contentUrl":"https:\/\/www.jesuitasrioja.org\/wp-content\/uploads\/2020\/09\/Logo-completo-peque\u00f1o.png","width":300,"height":300,"caption":"Centro Sagrado Coraz\u00f3n Jesuitas"},"image":{"@id":"https:\/\/www.jesuitasrioja.org\/#\/schema\/logo\/image\/"},"sameAs":["https:\/\/www.facebook.com\/jesuitasrioja?locale=es_ES","https:\/\/x.com\/jesuitasrioja","https:\/\/www.instagram.com\/jesuitasrioja\/"]}]}},"_links":{"self":[{"href":"https:\/\/www.jesuitasrioja.org\/en\/wp-json\/wp\/v2\/pages\/2158"}],"collection":[{"href":"https:\/\/www.jesuitasrioja.org\/en\/wp-json\/wp\/v2\/pages"}],"about":[{"href":"https:\/\/www.jesuitasrioja.org\/en\/wp-json\/wp\/v2\/types\/page"}],"author":[{"embeddable":true,"href":"https:\/\/www.jesuitasrioja.org\/en\/wp-json\/wp\/v2\/users\/1"}],"replies":[{"embeddable":true,"href":"https:\/\/www.jesuitasrioja.org\/en\/wp-json\/wp\/v2\/comments?post=2158"}],"version-history":[{"count":2,"href":"https:\/\/www.jesuitasrioja.org\/en\/wp-json\/wp\/v2\/pages\/2158\/revisions"}],"predecessor-version":[{"id":2344,"href":"https:\/\/www.jesuitasrioja.org\/en\/wp-json\/wp\/v2\/pages\/2158\/revisions\/2344"}],"up":[{"embeddable":true,"href":"https:\/\/www.jesuitasrioja.org\/en\/wp-json\/wp\/v2\/pages\/2164"}],"wp:featuredmedia":[{"embeddable":true,"href":"https:\/\/www.jesuitasrioja.org\/en\/wp-json\/wp\/v2\/media\/2154"}],"wp:attachment":[{"href":"https:\/\/www.jesuitasrioja.org\/en\/wp-json\/wp\/v2\/media?parent=2158"}],"curies":[{"name":"wp","href":"https:\/\/api.w.org\/{rel}","templated":true}]}}

<!-- This site is optimized with the Yoast SEO Premium plugin v23.4 (Yoast SEO v24.2) - https://yoast.com/wordpress/plugins/seo/ -->
<title>Table of extracurricular activities - Jesuitas Logroño</title>
<meta name="robots" content="index, follow, max-snippet:-1, max-image-preview:large, max-video-preview:-1" />
<link rel="canonical" href="https://www.jesuitasrioja.org/en/out-of-school-activities/table-of-activities/" />
<meta property="og:locale" content="en_US" />
<meta property="og:type" content="article" />
<meta property="og:title" content="Table of extracurricular activities" />
<meta property="og:description" content="There is no excerpt because this is a protected post." />
<meta property="og:url" content="https://www.jesuitasrioja.org/en/out-of-school-activities/table-of-activities/" />
<meta property="og:site_name" content="Jesuitas Logroño" />
<meta property="article:publisher" content="https://www.facebook.com/jesuitasrioja?locale=es_ES" />
<meta property="article:modified_time" content="2019-02-19T14:58:54+00:00" />
<meta name="twitter:card" content="summary_large_image" />
<meta name="twitter:site" content="@jesuitasrioja" />
<meta name="twitter:label1" content="Est. reading time" />
	<meta name="twitter:data1" content="1 minute" />
<script type="application/ld+json" class="yoast-schema-graph">{"@context":"https://schema.org","@graph":[{"@type":"WebPage","@id":"https://www.jesuitasrioja.org/en/out-of-school-activities/table-of-activities/","url":"https://www.jesuitasrioja.org/en/out-of-school-activities/table-of-activities/","name":"Table of extracurricular activities - Jesuitas Logroño","isPartOf":{"@id":"https://www.jesuitasrioja.org/#website"},"datePublished":"2018-01-03T11:06:47+00:00","dateModified":"2019-02-19T14:58:54+00:00","breadcrumb":{"@id":"https://www.jesuitasrioja.org/en/out-of-school-activities/table-of-activities/#breadcrumb"},"inLanguage":"en-US"},{"@type":"WebSite","@id":"https://www.jesuitasrioja.org/#website","url":"https://www.jesuitasrioja.org/","name":"Jesuitas Logroño","description":"Centro Sagrado Corazón - Jesuitas Logroño","publisher":{"@id":"https://www.jesuitasrioja.org/#organization"},"potentialAction":[{"@type":"SearchAction","target":{"@type":"EntryPoint","urlTemplate":"https://www.jesuitasrioja.org/?s={search_term_string}"},"query-input":{"@type":"PropertyValueSpecification","valueRequired":true,"valueName":"search_term_string"}}],"inLanguage":"en-US"},{"@type":"Organization","@id":"https://www.jesuitasrioja.org/#organization","name":"Centro Sagrado Corazón Jesuitas","url":"https://www.jesuitasrioja.org/","logo":{"@type":"ImageObject","inLanguage":"en-US","@id":"https://www.jesuitasrioja.org/#/schema/logo/image/","url":"https://www.jesuitasrioja.org/wp-content/uploads/2020/09/Logo-completo-pequeño.png","contentUrl":"https://www.jesuitasrioja.org/wp-content/uploads/2020/09/Logo-completo-pequeño.png","width":300,"height":300,"caption":"Centro Sagrado Corazón Jesuitas"},"image":{"@id":"https://www.jesuitasrioja.org/#/schema/logo/image/"},"sameAs":["https://www.facebook.com/jesuitasrioja?locale=es_ES","https://x.com/jesuitasrioja","https://www.instagram.com/jesuitasrioja/"]}]}</script>
<!-- / Yoast SEO Premium plugin. -->

Table of extracurricular activities - Jesuitas Logroño

Jesuitas Logroño

Centro Sagrado Corazón - Jesuitas Logroño

Centro Sagrado Corazón Jesuitas

https://www.jesuitasrioja.org/wp-content/uploads/2020/09/Logo-completo-pequeño.png
